{"id":6,"date":"2025-06-05T12:51:06","date_gmt":"2025-06-05T12:51:06","guid":{"rendered":"https:\/\/www.bolefest.cz\/?page_id=6"},"modified":"2025-06-06T05:51:51","modified_gmt":"2025-06-06T05:51:51","slug":"home","status":"publish","type":"page","link":"https:\/\/www.bolefest.cz\/","title":{"rendered":"BoleFest 2025   26.7.2025"},"content":{"rendered":"\n<h2 class=\"wp-block-heading\"><mark style=\"background-color:rgba(0, 0, 0, 0)\" class=\"has-inline-color has-vivid-cyan-blue-color\">Hudba. Pivo. D\u011bti. Le\u017e\u00e9rn\u00ed den, co se rozjede, ne\u017e se nad\u011bje\u0161. \u017d\u00e1dn\u00fd z\u00e1brany, \u017e\u00e1dn\u00fd ploty \u2013 jen sousedi, kapely a kupa dobr\u00fd n\u00e1lady.<\/mark><\/h2>\n\n\n\n<p><strong>Kdy?<\/strong> 26.7.2025 13:00<\/p>\n\n\n\n<p><strong>Kde?<\/strong> Fotbalov\u00e9 h\u0159i\u0161t\u011b Bolebo\u0159<\/p>\n\n\n\n<p><strong>Vstup?<\/strong> Jasn\u011b, zdarma.<\/p>\n\n\n\n<p><strong>Program dne:<\/strong><\/p>\n\n\n\n<p>14:00 \u2013 d\u011btsk\u00fd program (ne jen proto, aby si rodi\u010de mohli d\u00e1t pivo&#8230; ale taky trochu jo). Atrakce pro d\u011bti do ve\u010dera. <\/p>\n\n\n\n<p>15:30 \u2013 <strong>Album<\/strong> (chytlav\u00fd start)<\/p>\n\n\n\n<p>17:00 \u2013 <strong>Copacaband<\/strong> (slunce, rytmus a \u00fasm\u011bv)<\/p>\n\n\n\n<p>18:30 \u2013 <strong>Green Sm\u00e5troll<\/strong> (n\u011bco pro fanou\u0161ky, co se r\u00e1di nechaj\u00ed p\u0159ekvapit)<\/p>\n\n\n\n<p>20:00 \u2013 <strong>Existence<\/strong> (zvuk, co t\u011b p\u0159ibije do tr\u00e1vy)<\/p>\n\n\n\n<p>21:30 \u2013 <strong>Horst Adler Kapelle<\/strong> (proto\u017ee ve\u010der si zaslou\u017e\u00ed po\u0159\u00e1dn\u00fd n\u00e1\u0159ez)<\/p>\n\n\n\n<p><\/p>\n\n\n\n<p>J\u00eddlo, pit\u00ed, sm\u00edch, volnost.<br>Necho\u010f na Bolefest, pokud m\u00e1\u0161 alergii na dobrou n\u00e1ladu.<\/p>\n\n\n\n<p><\/p>\n","protected":false},"excerpt":{"rendered":"<p>Hudba. Pivo. D\u011bti. Le\u017e\u00e9rn\u00ed den, co se rozjede, ne\u017e se nad\u011bje\u0161. \u017d\u00e1dn\u00fd z\u00e1brany, \u017e\u00e1dn\u00fd ploty \u2013 jen sousedi, kapely a kupa dobr\u00fd n\u00e1lady. Kdy? 26.7.2025 13:00 Kde? Fotbalov\u00e9 h\u0159i\u0161t\u011b Bolebo\u0159 Vstup? Jasn\u011b, zdarma. Program dne: 14:00 \u2013 d\u011btsk\u00fd program (ne jen proto, aby si rodi\u010de mohli d\u00e1t pivo&#8230; ale taky trochu jo). Atrakce pro d\u011bti [&hellip;]<\/p>\n","protected":false},"author":1,"featured_media":0,"parent":0,"menu_order":0,"comment_status":"closed","ping_status":"closed","template":"","meta":{"footnotes":""},"class_list":["post-6","page","type-page","status-publish","hentry"],"_links":{"self":[{"href":"https:\/\/www.bolefest.cz\/index.php?rest_route=\/wp\/v2\/pages\/6","targetHints":{"allow":["GET"]}}],"collection":[{"href":"https:\/\/www.bolefest.cz\/index.php?rest_route=\/wp\/v2\/pages"}],"about":[{"href":"https:\/\/www.bolefest.cz\/index.php?rest_route=\/wp\/v2\/types\/page"}],"author":[{"embeddable":true,"href":"https:\/\/www.bolefest.cz\/index.php?rest_route=\/wp\/v2\/users\/1"}],"replies":[{"embeddable":true,"href":"https:\/\/www.bolefest.cz\/index.php?rest_route=%2Fwp%2Fv2%2Fcomments&post=6"}],"version-history":[{"count":34,"href":"https:\/\/www.bolefest.cz\/index.php?rest_route=\/wp\/v2\/pages\/6\/revisions"}],"predecessor-version":[{"id":126,"href":"https:\/\/www.bolefest.cz\/index.php?rest_route=\/wp\/v2\/pages\/6\/revisions\/126"}],"wp:attachment":[{"href":"https:\/\/www.bolefest.cz\/index.php?rest_route=%2Fwp%2Fv2%2Fmedia&parent=6"}],"curies":[{"name":"wp","href":"https:\/\/api.w.org\/{rel}","templated":true}]}}